{"id":2,"date":"2020-01-22T22:08:15","date_gmt":"2020-01-22T20:08:15","guid":{"rendered":"http:\/\/www.elevia.fi\/?page_id=2"},"modified":"2021-04-14T13:30:04","modified_gmt":"2021-04-14T10:30:04","slug":"etusivu","status":"publish","type":"page","link":"https:\/\/elevia.fi\/","title":{"rendered":"Etusivu"},"content":{"rendered":"<p>Elevia Oy palvelee Muuramessa ja l\u00e4hialueella. Ota yhteytt\u00e4 vaikka iltaisin tai viikonloppuna.<\/p>\n<p>Toimialaamme on:<br \/>\n&#8211; s\u00e4hk\u00f6alan asiantuntijapalvelut<br \/>\n&#8211; s\u00e4hk\u00f6turvallisuus<br \/>\n&#8211; s\u00e4hk\u00f6laitteistojen l\u00e4mp\u00f6kuvaus<br \/>\n&#8211; s\u00e4hk\u00f6laitteistojen kuntotutkimus<br \/>\n&#8211; rakennusten l\u00e4mp\u00f6kuvaus<br \/>\n&#8211; s\u00e4hk\u00f6suunnittelu CADS ohjelmistolla<br \/>\n&#8211; s\u00e4hk\u00f6asennukset ja s\u00e4hk\u00f6t\u00f6iden johtaminen, s\u00e4hk\u00f6p\u00e4tevyys S2<br \/>\n&#8211; taloyhti\u00f6ille energians\u00e4\u00e4st\u00f6ratkaisuja ja mukavuutta<\/p>\n<p>Suunnittelu-, kuntotutkimus- ja l\u00e4mp\u00f6kuvauspalvelut raportoituina kiinte\u00e4ll\u00e4 ennalta sovitulla hinnalla.<\/p>\n","protected":false},"excerpt":{"rendered":"<p>Elevia Oy palvelee Muuramessa ja l\u00e4hialueella. Ota yhteytt\u00e4 vaikka iltaisin tai viikonloppuna. Toimialaamme on: &#8211; s\u00e4hk\u00f6alan asiantuntijapalvelut &#8211; s\u00e4hk\u00f6turvallisuus &#8211; s\u00e4hk\u00f6laitteistojen l\u00e4mp\u00f6kuvaus &#8211; s\u00e4hk\u00f6laitteistojen kuntotutkimus &#8211; rakennusten l\u00e4mp\u00f6kuvaus &#8211; s\u00e4hk\u00f6suunnittelu CADS ohjelmistolla &#8211; s\u00e4hk\u00f6asennukset ja s\u00e4hk\u00f6t\u00f6iden johtaminen, s\u00e4hk\u00f6p\u00e4tevyys S2 &#8211; taloyhti\u00f6ille energians\u00e4\u00e4st\u00f6ratkaisuja ja mukavuutta Suunnittelu-, kuntotutkimus- ja l\u00e4mp\u00f6kuvauspalvelut raportoituina kiinte\u00e4ll\u00e4 ennalta sovitulla hinnalla.<\/p>\n","protected":false},"author":1,"featured_media":0,"parent":0,"menu_order":0,"comment_status":"open","ping_status":"closed","template":"","meta":{"footnotes":""},"class_list":["post-2","page","type-page","status-publish"],"_links":{"self":[{"href":"https:\/\/elevia.fi\/index.php?rest_route=\/wp\/v2\/pages\/2","targetHints":{"allow":["GET"]}}],"collection":[{"href":"https:\/\/elevia.fi\/index.php?rest_route=\/wp\/v2\/pages"}],"about":[{"href":"https:\/\/elevia.fi\/index.php?rest_route=\/wp\/v2\/types\/page"}],"author":[{"embeddable":true,"href":"https:\/\/elevia.fi\/index.php?rest_route=\/wp\/v2\/users\/1"}],"replies":[{"embeddable":true,"href":"https:\/\/elevia.fi\/index.php?rest_route=%2Fwp%2Fv2%2Fcomments&post=2"}],"version-history":[{"count":9,"href":"https:\/\/elevia.fi\/index.php?rest_route=\/wp\/v2\/pages\/2\/revisions"}],"predecessor-version":[{"id":635,"href":"https:\/\/elevia.fi\/index.php?rest_route=\/wp\/v2\/pages\/2\/revisions\/635"}],"wp:attachment":[{"href":"https:\/\/elevia.fi\/index.php?rest_route=%2Fwp%2Fv2%2Fmedia&parent=2"}],"curies":[{"name":"wp","href":"https:\/\/api.w.org\/{rel}","templated":true}]}}